53.
59
Let c be (364/39)/((-2)/(-3)). Suppose 0 = c*z - 12*z - 8. Let v(f) = f + 8. Let b be v(12). What is the highest common divisor of z and b?
4
Let n be 15/5*4/6. Suppose -2*u + 12 - 4 = 0. Suppose -t + 4*t = 3*g - 33, u*g - 48 = n*t. Calculate the highest common divisor of g and 91.
13
Let l(j) = -166*j - 702. Let p be l(-21). What is the greatest common divisor of p and 261?
87
Let d(z) = -z**2 + 124*z + 2460. Let r be d(-15). What is the highest common factor of 45375 and r?
375
Suppose -131*a + 311078 + 47 = 0. Calculate the highest common factor of 250 and a.
125
Let c(y) = y**2 + 9*y - 5 + 10 + 6. Let z be c(-8). Suppose 0*m - 6 = -z*x + 5*m, 2*m + 8 = 4*x. Calculate the highest common factor of x and 6.
2
Let o(f) = 3743*f**2 + 11*f - 10. Let r be o(1). Suppose -4*c - 4*m = -r, 2*m - 3 = 7. What is the highest common divisor of c and 49?
49
Let n(b) be the first derivative of b**4 - b**3/3 + b**2 + 46*b - 183. Let k be n(0). What is the greatest common divisor of 575 and k?
23
Let w(t) = t**2 - 62*t + 573. Let x be w(11). Let o be 6 + (-3)/(9/6). What is the greatest common factor of x and o?
4
Suppose 39*r - 51*r + 60 = 0. Suppose -148 - 62 = -w + r*d, -5*w - d = -998. What is the greatest common divisor of w and 20?
20
Let l(o) = o**2 + 10*o + 152. Let p be l(0). Let j = 396 + -388. What is the highest common factor of j and p?
8
Let i be 1759735/225 + 10/(-225). What is the highest common factor of 99 and i?
99
Let p(a) be the third derivative of -a**6/120 - a**5/15 - a**4/4 + a**3/2 - 11*a**2 - 3. Let g be p(-4). Calculate the greatest common factor of 63 and g.
9
Let u(w) = -11*w**3 - 41*w**2 - 24*w - 2. Let o be u(-4). Calculate the highest common factor of 2201 and o.
71
Suppose -5*q - f + 122 = 0, 4 = -3*f + 10. What is the greatest common factor of q and 3432?
24
Suppose 254 = a + 5*o, 8*o - 698 = -3*a + 9*o. What is the greatest common factor of 126 and a?
18
Let g be -10 + (17 - 13) - 15*(-2)/3. Calculate the highest common factor of g and 1114.
2
Let a = -7665 + 9114. Calculate the greatest common factor of a and 161.
161
Let f = -1718 + 2078. Calculate the greatest common divisor of 504 and f.
72
Suppose -17521 = -5*w - f, -325*w + 323*w + 7030 = 4*f. Calculate the greatest common factor of w and 124.
31
Let x be (285/(-4))/(3/(-16)). Suppose 240*z = 232*z + 2432. What is the highest common divisor of z and x?
76
Suppose 4*r + 3907 = w, -27*r + 15589 = 4*w - 30*r. Calculate the highest common divisor of w and 410.
205
Let h = 31 - 9. Let d be ((-2886)/9)/((-10)/15). Let t be -5*(-6)/20 - d/(-2). What is the highest common divisor of t and h?
22
Let c(u) = 66*u**2 - 10*u + 9. Suppose -5*j = 10, 5*o + j + 3 = -3*j. Let m be c(o). Calculate the highest common divisor of m and 260.
65
Suppose -23*u + 67*u - 1736 = -18*u. What is the greatest common factor of u and 20?
4
Let a be -4 - (-66)/6 - 11. Let q be (-126)/(-21) - a*(-2 + 1). What is the greatest common divisor of q and 11?
1
Suppose -188*z + 10871 = 3163. What is the greatest common divisor of 107 and z?
1
Let a = -9 - -22. Suppose 20*r + 373 - 173 = 0. Let h be 13*r/(-50)*5. What is the highest common factor of h and a?
13
Let j(v) = 46*v - 59. Let h be j(3). Let b(n) = n**2 + 2*n - 3. Let l be b(2). Let y = h + l. Calculate the greatest common factor of 24 and y.
12
Suppose y + 3*u = 560, -y + 4*y - 3*u - 1728 = 0. What is the greatest common divisor of y and 260?
52
Let i(j) = -10*j + 884. Let m be i(-26). What is the highest common factor of 884 and m?
52
Suppose 5*p + 5*x = 20, 9*x - 4*x = 5*p. Suppose 4 + 6 = p*o. Suppose 3*q = -t - 0 + 26, -4*q + 60 = -5*t. Calculate the greatest common divisor of q and o.
5
Suppose 3*f - 4*p - 1335 - 549 = 0, 5*p = -5*f + 3210. Calculate the greatest common divisor of 12 and f.
12
Let b be (438/(-292))/(215/(-212) + 1). What is the highest common divisor of 18 and b?
2
Let k be 1330/(-49)*7/(-2). Calculate the highest common factor of k and 3515.
95
Let r(t) = 77*t - 1. Let s be r(1). Suppose -3*x - 6*g + 8*g = -18, g + 29 = 4*x. Calculate the highest common divisor of x and s.
4
Let v(k) = -4*k**3 - k**2 - 255*k - 774. Let t be v(-3). Calculate the greatest common factor of 1062 and t.
18
Let k = -9533 + 9666. What is the greatest common divisor of 29393 and k?
133
Let i be 268 - ((-2)/(-6) + (-798)/(-63)). What is the highest common divisor of 4437 and i?
51
Let s(d) = 11 + 29*d**2 - 9*d**2 + 15*d - 18*d**2. Suppose -5*l + c = 44, 32 = 5*c + 12. Let n be s(l). Calculate the highest common factor of 171 and n.
19
Let c(j) = -7*j + 10. Let i be c(-10). Suppose i = r - 67. Calculate the greatest common factor of r and 21.
21
Suppose -8 = 2*l, -2*o + 2*l = -55 + 11. Let x be 78/5 - (-3)/(-5). Calculate the greatest common factor of o and x.
3
Let m = -711 - -719. Let p be (2 - m/5) + 213255/175. What is the highest common divisor of 23 and p?
23
Let i = 168 - 162. Let h be (-408)/612 + 634/i + -1. What is the highest common factor of h and 260?
52
Suppose -3*j + 5*z + 230 = 0, 3*z - 151 = -2*j + 4*z. Let s(q) = -124*q**3 + 1. Let r be s(-1). Calculate the greatest common divisor of r and j.
25
Suppose o - 12 + 166 = 0. Let j = o - -156. Let w = 8 + j. Calculate the greatest common factor of w and 15.
5
Let b be ((-120)/(-75))/((-4)/(-5)). Suppose 0 = f + 3*a - 165, -4*a = b*f - 6*f + 676. Calculate the greatest common divisor of f and 63.
21
Suppose 3*j = 3*o - 53 + 287, -4*j = 4*o + 280. Let i = 104 + o. Let c(l) = 1530*l + 70400. Let p be c(-46). Calculate the highest common factor of p and i.
10
Let f be 2134 + 1/(6/(-48)*4). What is the highest common factor of f and 884?
52
Let p(t) = t**2 - 3*t - 3. Let z be p(3). Let w = z + 6. Suppose w*q - 10 = 8. What is the highest common factor of q and 60?
6
Let g(n) = -n**3 - 73*n**2 + 70*n - 164. Let r be g(-74). Calculate the highest common factor of r and 99.
33
Suppose 0 = -g + 3*q + 1182, 5*q - 6383 = -5*g - 433. Suppose 5*p = -13*p + g. Calculate the greatest common divisor of p and 6.
6
Let i(q) = 260*q - 3273. Let y be i(33). What is the highest common factor of 174 and y?
87
Let h(b) = b**3 + 15*b**2 - 5. Suppose 0 = -z - 144 + 129. Let y be h(z). Let s be 25 - (y/10 - 2/(-4)). What is the greatest common divisor of 10 and s?
5
Let i = 366 - 361. Suppose 0 = -4*p + 16 + 20. Calculate the highest common factor of p and i.
1
Let m(k) = 46*k + 118. Let y be m(-3). Let g be (-718)/(-16) + -3 - y/160. Calculate the highest common factor of 42 and g.
42
Suppose 819 = 27*j + 225. Let q be j/(2/5 - (-1976)/(-5265)). Calculate the highest common divisor of 11 and q.
11
Let r be ((-1)/3 - (-187)/(-51)) + 0. Let d(a) = 22*a + 11. Let l be d(r). Let w be 0 + l/(-3) + (-5)/(-15). Calculate the highest common divisor of w and 13.
13
Suppose 115*n - 782388 = 43*n - 31*n. Calculate the greatest common factor of n and 9.
9
Suppose 0 = 4*a - 2*r - 216, -r - 42 = -5*a + 225. Suppose -a = s - 113. Suppose -6*d + 3*d = -s. What is the highest common factor of d and 30?
10
Let m = -35 + 56. Let l(u) = -8*u + 177. Let v be l(m). What is the highest common factor of v and 36?
9
Let g(h) = h**2 - 21*h + 73. Let u be g(19). Suppose -u*a + 528 = -24*a. What is the highest common factor of a and 128?
16
Suppose -77*z + 38394 = -5*z + 171*z. What is the greatest common divisor of 10586 and z?
158
Let h(v) = 649*v - 1301*v + v**2 - 5 + 652*v. Let c be h(-7). Let s be 0 - (-3 + 0 + -1). What is the highest common divisor of s and c?
4
Let k be ((-114)/10 - -1) + (-152)/(-380). Let b be 192 + (k - (-7 + 3)). What is the greatest common divisor of b and 6?
6
Suppose 4*j - 81 = 3*j. Suppose 104*k - 124*k = -360. What is the greatest common factor of j and k?
9
Suppose 2*h - 45 = -7*h. Suppose 0 = -h*x - 4*r + 61, 5*x + r - 41 = 2*r. What is the greatest common divisor of 207 and x?
9
Suppose -4*b + 3*k + 20 = 0, -21 = 4*b - 5*k - 49. Let x(h) = 7*h - 8. Let f be x(b). Calculate the greatest common factor of f and 33.
3
Let p be 234/7 + (-315)/735. Suppose 0 = g, -3*z = 2*z - 4*g - 165. Calculate the greatest common factor of z and p.
33
Suppose 0 = -189*s + 175*s + 56. Suppose 3*n - 4*t = s*n - 17, 3*n - 2*t - 65 = 0. What is the highest common factor of n and 27?
3
Let d be (-198)/(-759)*23 - -27.